me factors of t.
2, 5
Let y = 210 + -60. List the prime factors of y.
2, 3, 5
Let p be ((-3)/(-12) - 0) + (-7915)/(-20). Let q = -237 + p. List the prime factors of q.
3, 53
Suppose 4*u - 13 = -57. Let p = u - -11. Let v = p + 16. List the prime factors of v.
2
Let n = -17 + 23. Suppose -3*o + n + 0 = 5*l, 3*o = 3*l + 6. Suppose 2*h + 0*h - 6 = l. List the prime factors of h.
3
Let x = 9 + -23. Let w = -2 - x. Suppose s - f - w = 3*f, -s + 17 = -3*f. List the prime factors of s.
2
Let j be 28/(-6) + (-7)/21. Let t(v) = -v**3 - 3*v**2 + 8*v - 6. List the prime factors of t(j).
2
Let s = 620 + -336. Suppose 4*m - s = 5*j, -j + 248 = 4*m + 3*j. Suppose g - 113 = -3*b, -5*b + m = -3*g - 113. List the prime factors of b.
37
Let a(d) = 3*d + 82. List the prime factors of a(34).
2, 23
What are the prime factors of 110 + 1/3*3*3?
113
Let r = 19 + -23. Let b(c) = -19*c - 2. Let s be b(r). Suppose 0 = -4*w - 2*d + s, 44 = 4*w + d - 29. List the prime factors of w.
2, 3
Suppose 3*a - n - 59 = -6*n, -3*a + 75 = -3*n. Suppose 2*o - u = a, -3*o + 3*u - 4*u = -37. What are the prime factors of o?
2, 3
Let i(j) = j**2 - 3*j + 2. Let x be i(4). Let t(z) be the second derivative of z**4/6 - z**3 + 3*z**2/2 - 19*z + 1. List the prime factors of t(x).
3, 13
Let w(j) = 0*j - j**3 - 4*j + 54 + 2*j + j - j**2. List the prime factors of w(0).
2, 3
Let t = -25 + -24. Let g = t + 17. Let y = g - -56. What are the prime factors of y?
2, 3
Let g be -4 + (-20)/(-4) + 213. Suppose -86 = -5*w + g. List the prime factors of w.
2, 3, 5
Let j = -929 + 1410. List the prime factors of j.
13, 37
Let z(f) = -2*f**2 + 22*f + 3. Let r be z(11). Suppose d + d - r*u = 309, -4*u + 302 = 2*d. What are the prime factors of d?
3, 17
Suppose 54*a - 10890 - 8766 = 0. List the prime factors of a.
2, 7, 13
Suppose -2*t + 47 = -w, -3*t = -0*t - 3*w - 66. Let y = t - 20. Suppose -4*b = 3*f + 55 - 241, 4*b = -y*f + 190. List the prime factors of b.
3, 5
Suppose 4*i - 6*h = -h + 79, i = 5*h + 31. What are the prime factors of i?
2
Suppose t = -5*r + 1092, 4*r + 3*t - 943 = -65. Let p = r - 112. What are the prime factors of p?
2, 53
Suppose -4*g + 12 = 0, 10 = 3*q - q + 2*g. Suppose 36 = 3*o - 3*p, -7*p = 4*o - q*p - 75. What are the prime factors of o?
3, 5
Let t(z) = 10*z - 9. Let i be t(8). Let m = -33 + i. Suppose -126 = -4*s + m. List the prime factors of s.
41
Let o(r) = 15*r**3 - 3*r. Let b be o(3). Let j(g) = -g**3 + 3*g**2 + 4*g. Let c be j(4). List the prime factors of (c + 5)*b/60.
3, 11
Let m(h) = -h**3 - 8*h**2 + 10*h + 13. Let k be m(-9). Suppose -3 = 3*u - k*u. List the prime factors of u.
3
Suppose 3*c + c + 4*o = 9916, 0 = -c + 4*o + 2479. What are the prime factors of c?
37, 67
Suppose 5334 = 5*y - 4*q, -4*y + 4917 = 2*q + 655. List the prime factors of y.
2, 13, 41
Suppose -333 = 3*o - 12*o. List the prime factors of 1*(-2 - -3)*o.
37
Suppose 0*x + 28 = 4*h + x, 2*x - 14 = -h. Let y(i) = 13*i - 1. Let b be y(h). Let k = b - 44. What are the prime factors of k?
3, 11
Suppose -d - 1773 + 3240 = 0. List the prime factors of d.
3, 163
Let q = -28 - -30. Suppose q*m + j - 396 = 0, 5*m - 4*m = -3*j + 188. What are the prime factors of m?
2, 5
Let o be (-87 - -3) + (5 - 3). Let i = -10 - o. What are the prime factors of i?
2, 3
Let u(d) = -d**3 - 7*d**2 + 8*d + 9. Let m be u(-8). Suppose -7 = -w + m. Let a = w - 3. List the prime factors of a.
13
Suppose -2*i = -t - 3978, 18*i + 7952 = 22*i - 4*t. List the prime factors of i.
2, 5, 199
Let r = 15 + -49. Let t = 58 + r. What are the prime factors of 1456/t + (-2)/3?
2, 3, 5
Let c(d) be the first derivative of 21*d**2 - 4. List the prime factors of c(1).
2, 3, 7
Suppose -3*q = -8*q - 4*x + 14935, 5974 = 2*q + 3*x. List the prime factors of q.
29, 103
Suppose -9 = 3*s, 4*s = -2*h + s - 5. Suppose 2*m - h = m. Suppose a - 15 = -m*a. List the prime factors of a.
5
Suppose 5*q = 2*g + 65, -2*q + 3*g = g - 32. List the prime factors of q.
11
Suppose -10 = s + 84. List the prime factors of (-1 - -2)*(0 - -1) - s.
5, 19
Suppose -45 = -5*h - 5. Suppose 88 = h*k - 4*k. List the prime factors of k.
2, 11
Let o(l) = -l**2 + 73*l - 278. List the prime factors of o(49).
2, 449
Let m(o) = -o**2 + 5*o - 3. Let j be m(2). Suppose -104 = 5*l + 2*t - 252, 4*l - 123 = j*t. List the prime factors of l.
2, 3, 5
Suppose -3*l - 62 = -68. Suppose -5*i = -2*o - 184, -o = -l - 1. List the prime factors of i.
2, 19
Let h = 518 + 224. What are the prime factors of h?
2, 7, 53
Let o = 2845 + -1443. What are the prime factors of o?
2, 701
Suppose -4*n = -4*j, 2*n = 4*j + 4*n - 24. Suppose -j*g + 5*k = 199 - 700, 369 = 3*g + 3*k. What are the prime factors of g?
2, 31
Let a be 116*4*-9*2/(-12). What are the prime factors of ((-6)/(-4))/((-1383)/a - -2)?
2, 29
Let r(s) = 32*s + 8. Let t(j) = -j - 1. Let b(f) = r(f) + 12*t(f). List the prime factors of b(10).
2, 7
Let u(i) = -i**3 + 8*i + 515. What are the prime factors of u(0)?
5, 103
Suppose -3*j - 24 = j. Let f be (-2)/j*(5 + 166). Suppose -5*w = -i + f, 4*i - 4*w - 133 = -3*w. List the prime factors of i.
2
Suppose 6338 = 3*n + 4*f, -f = -4*n - 4288 + 12764. List the prime factors of n.
2, 3, 353
Suppose -11 = -2*l + 7. Let s(y) = 7*y - 10. Let w be s(l). Let t = -23 + w. List the prime factors of t.
2, 3, 5
Let o be (-54)/3*(7 + -6). Let l be 12/o + (-11)/(-3). Suppose -2*f + l*d = -41, -5*f = -5*d + 55 - 165. What are the prime factors of f?
5
Let k be (-8)/(-3)*15/20. Let v be 2/(0 + k/(-11)). Let t = 36 + v. What are the prime factors of t?
5
Let h(x) = -72*x**3 + 3*x**2 + 2*x - 16. List the prime factors of h(-3).
1949
List the prime factors of (-11 - -10)/(2/910*-1).
5, 7, 13
Let x(h) = 9*h**2 - 4*h + 3. Let k be x(2). Let p = -31 + k. Suppose l + 2*r = 22, -5*l + 5*r = -p*l - 50. List the prime factors of l.
2, 7
Suppose -5*d + 3*q = -25031, 6*d + 10028 = 8*d + 4*q. What are the prime factors of d?
2, 313
Let s(v) be the first derivative of -v**3/3 + 7*v**2/2 - 5*v - 33. List the prime factors of s(5).
5
Suppose 4*g + 12 = 0, 4*c + 3*g = 2*g + 5. Let y be (304 - 4)*1/c. Suppose 17*k = 12*k + y. List the prime factors of k.
2, 3, 5
Let r(b) = -2*b**2 + 9*b - 18. Let a be r(4). List the prime factors of (-11 - -12)/((-2)/(-4)) - a.
2
Let b be 1 - (34 - -2)/2. List the prime factors of (-712)/b - (-34)/289.
2, 3, 7
Suppose 5 = -4*j - 95. List the prime factors of j*1*(-48)/5.
2, 3, 5
Suppose -3*b - 26 = -4*l - 85, 0 = -5*b - 4*l + 45. Suppose 0 = -5*v + b*v - 968. What are the prime factors of v?
11
Suppose f - 8*s + 10*s - 642 = 0, -3*f + 2*s = -1894. List the prime factors of f.
2, 317
Let g(c) = -2*c - 16. Let r(m) = m**2 + 7*m - 10. Let v be r(-7). Let n be g(v). What are the prime factors of (54/(-21))/(n/(-28))?
2, 3
Suppose f - 24 = 5*r - 0*f, -5*r + 3*f - 22 = 0. Let n = 125 - 127. What are the prime factors of (-5)/n*(-4)/r?
2
Let z(r) = -r**2 + 98 - 78 - 18*r + r. List the prime factors of z(-11).
2, 43
Let o = 25 + -23. Suppose 4*y - 5*a - 25 = 0, -6*a = -y - o*a - 2. List the prime factors of y.
2, 5
Let k be (-8)/(-44) + 2/(-11). Suppose -5*v - 30 = -a, k = -3*a - a - 3*v + 120. Suppose 7*q - 9*q = -a. List the prime factors of q.
3, 5
Let h = 1044 + 1125. List the prime factors of h.
3, 241
Let r(o) = -4*o - 5*o - 5*o + 2. Let b be (-2)/15 + 43/(-15). List the prime factors of r(b).
2, 11
Let i = -21 - -23. Suppose -b + 80 = 5*q, b - 64 = -2*q - i*q. List the prime factors of q.
2
Suppose -2971 = -10*w + 4559. What are the prime factors of w?
3, 251
Suppose -i + b = -0 + 1, 2*i - b + 1 = 0. Suppose -23 = -5*u + 2*q, -17 = -3*u - i*u - 2*q. Suppose 159 = u*p - 61. What are the prime factors of p?
2, 11
Let c be (-6)/(-30) + (-29)/(-5). Let o be 10*(c/2 - 2). Suppose 2*x + 2*f - o = -0*x, 25 = 5*x + f. What are the prime factors of x?
5
Let c be (16/(-12) + -1)*27. Let m = 7 - c. What are the prime factors of m?
2, 5, 7
Suppose 0 = -2*o + 4*z + 58, 3*o - 128 = -o + 2*z. What are the prime factors of ((-88)/o)/(1/(-48))?
2
Suppose q + 9 - 12 = 0. Let x = 26 - q. What are the prime factors of x?
23
Let i be (-1147)/(-31)*(-2 + 3). Let y(h) = -h + 31. Let g be y(0). Let m = i - g. What are the prime factors of m?
2, 3
Let v = 22 - 20. List the prime factors of (-348)/24*(0 - v).
29
Let k(t) = 423*